, 11, 31, 127
What are the prime factors of 39113?
39113
List the prime factors of 1327.
1327
What are the prime factors of 915?
3, 5, 61
What are the prime factors of 76333?
76333
What are the prime factors of 90?
2, 3, 5
What are the prime factors of 202?
2, 101
What are the prime factors of 1884?
2, 3, 157
List the prime factors of 1673.
7, 239
List the prime factors of 3008.
2, 47
What are the prime factors of 540?
2, 3, 5
List the prime factors of 558.
2, 3, 31
What are the prime factors of 17?
17
What are the prime factors of 1106?
2, 7, 79
What are the prime factors of 1616?
2, 101
List the prime factors of 297.
3, 11
What are the prime factors of 37514?
2, 18757
List the prime factors of 767.
13, 59
List the prime factors of 134295.
3, 5, 7, 1279
List the prime factors of 8952.
2, 3, 373
List the prime factors of 1241.
17, 73
What are the prime factors of 49357?
7, 11, 641
List the prime factors of 99700.
2, 5, 997
What are the prime factors of 88710?
2, 3, 5, 2957
What are the prime factors of 9682?
2, 47, 103
List the prime factors of 150.
2, 3, 5
List the prime factors of 214.
2, 107
What are the prime factors of 5308?
2, 1327
What are the prime factors of 1028?
2, 257
List the prime factors of 3989.
3989
List the prime factors of 631.
631
List the prime factors of 8942.
2, 17, 263
What are the prime factors of 25487?
7, 11, 331
List the prime factors of 13575.
3, 5, 181
What are the prime factors of 9113?
13, 701
List the prime factors of 157464.
2, 3
List the prime factors of 953.
953
List the prime factors of 1462.
2, 17, 43
List the prime factors of 11323.
13, 67
What are the prime factors of 4136?
2, 11, 47
List the prime factors of 2625.
3, 5, 7
List the prime factors of 711.
3, 79
What are the prime factors of 81064?
2, 10133
List the prime factors of 26282.
2, 17, 773
What are the prime factors of 1121?
19, 59
What are the prime factors of 7507?
7507
List the prime factors of 56.
2, 7
List the prime factors of 23551.
11, 2141
What are the prime factors of 146482?
2, 7, 10463
What are the prime factors of 4517?
4517
What are the prime factors of 3966?
2, 3, 661
What are the prime factors of 7494?
2, 3, 1249
List the prime factors of 30339.
3, 3371
List the prime factors of 1044.
2, 3, 29
What are the prime factors of 2119?
13, 163
What are the prime factors of 834?
2, 3, 139
What are the prime factors of 23627?
23627
List the prime factors of 44652.
2, 3, 61
What are the prime factors of 9087?
3, 13, 233
List the prime factors of 96572.
2, 7, 3449
List the prime factors of 1248.
2, 3, 13
What are the prime factors of 21806?
2, 10903
List the prime factors of 5327.
7, 761
What are the prime factors of 36463?
7, 5209
What are the prime factors of 23336?
2, 2917
List the prime factors of 75884.
2, 61, 311
List the prime factors of 14862.
2, 3, 2477
What are the prime factors of 20682?
2, 3, 383
List the prime factors of 2911.
41, 71
List the prime factors of 35668.
2, 37, 241
List the prime factors of 20371.
13, 1567
List the prime factors of 29227.
11, 2657
What are the prime factors of 5023?
5023
List the prime factors of 3566.
2, 1783
What are the prime factors of 15510?
2, 3, 5, 11, 47
List the prime factors of 10607.
10607
What are the prime factors of 13302?
2, 3, 739
List the prime factors of 33367.
61, 547
List the prime factors of 16426.
2, 43, 191
List the prime factors of 16750.
2, 5, 67
What are the prime factors of 4467?
3, 1489
List the prime factors of 106102.
2, 53051
List the prime factors of 2.
2
What are the prime factors of 547?
547
What are the prime factors of 4859?
43, 113
What are the prime factors of 41344?
2, 17, 19
What are the prime factors of 35001?
3, 3889
List the prime factors of 18313.
18313
List the prime factors of 9226.
2, 7, 659
List the prime factors of 13384.
2, 7, 239
What are the prime factors of 2624?
2, 41
What are the prime factors of 811?
811
What are the prime factors of 135219?
3, 7, 47, 137
List the prime factors of 5996.
2, 1499
What are the prime factors of 19576?
2, 2447
List the prime factors of 4747.
47, 101
List the prime factors of 82315.
5, 101, 163
List the prime factors of 5966.
2, 19, 157
List the prime factors of 9874.
2, 4937
What are the prime factors of 4290?
2, 3, 5, 11, 13
List the prime factors of 5797.
11, 17, 31
What are the prime factors of 75672?
2, 3, 1051
List the prime factors of 550.
2, 5, 11
List the prime factors of 1754.
2, 877
List the prime factors of 25162.
2, 23, 547
What are the prime factors of 23378?
2, 11689
What are the prime factors of 29192?
2, 41, 89
What are the prime factors of 55904?
2, 1747
List the prime factors of 7360.
2, 5, 23
What are the prime factors of 1368?
2, 3, 19
List the prime factors of 117838.
2, 7, 19, 443
What are the prime factors of 19033?
7, 2719
What are the prime factors of 302?
2, 151
List the prime factors of 37513.
7, 23, 233
List the prime factors of 122.
2, 61
What are the prime factors of 87995?
5, 17599
What are the prime factors of 3527?
3527
What are the prime factors of 128?
2
List the prime factors of 8270.
2, 5, 827
What are the prime factors of 4176?
2, 3, 29
List the prime factors of 3659.
3659
List the prime factors of 23634.
2, 3, 13, 101
What are the prime factors of 1453?
1453
What are the prime factors of 16986?
2, 3, 19, 149
What are the prime factors of 38?
2, 19
What are the prime factors of 2223?
3, 13, 19
List the prime factors of 3664.
2, 229
What are the prime factors of 71507?
23, 3109
List the prime factors of 346.
2, 173
List the prime factors of 746.
2, 373
What are the prime factors of 828?
2, 3, 23
List the prime factors of 153962.
2, 23, 3347
What are the prime factors of 22214?
2, 29, 383
List the prime factors of 1088.
2, 17
What are the prime factors of 8153?
31, 263
What are the prime factors of 194?
2, 97
List the prime factors of 882.
2, 3, 7
What are the prime factors of 455?
5, 7, 13
What are the prime factors of 3569?
43, 83
List the prime factors of 101273.
101273
What are the prime factors of 7426?
2, 47, 79
List the prime factors of 22293.
3, 2477
What are the prime factors of 1512?
2, 3, 7
List the prime factors of 1509.
3, 503
What are the prime factors of 2163?
3, 7, 103
List the prime factors of 2653.
7, 379
What are the prime factors of 118448?
2, 11, 673
What are the prime factors of 1626?
2, 3, 271
List the prime factors of 141878.
2, 11, 6449
List the prime factors of 13207.
47, 281
What are the prime factors of 41?
41
What are the prime factors of 719?
719
What are the prime factors of 81?
3
What are the prime factors of 9494?
2, 47, 101
What are the prime factors of 20087?
53, 379
What are the prime factors of 3367?
7, 13, 37
What are the prime factors of 2894?
2, 1447
What are the prime factors of 9978?
2, 3, 1663
What are the prime factors of 4954?
2, 2477
List the prime factors of 3609.
3, 401
List the prime factors of 31044.
2, 3, 13, 199
What are the prime factors of 2081?
2081
List the prime factors of 27881.
7, 569
List the prime factors of 1810.
2, 5, 181
List the prime factors of 979.
11, 89
What are the prime factors of 62899?
31, 2029
List the prime factors of 76298.
2, 38149
List the prime factors of 85606.
2, 23, 1861
List the prime factors of 22125.
3, 5, 59
List the prime factors of 455.
5, 7, 13
What are the prime factors of 86772?
2, 3, 7, 1033
What are the prime factors of 12149?
12149
List the prime factors of 547.
547
List the prime factors of 11498.
2, 5749
What are the prime factors of 2200?
2, 5, 11
What are the prime factors of 9119?
11, 829
What are the prime factors of 9928?
2, 17, 73
What are the prime factors of 2973?
3, 991
What are the prime factors of 7082?
2, 3541
What are the prime factors of 133379?
133379
What are the prime factors of 18538?
2, 13, 23, 31
List the prime factors of 1325.
5, 53
List the prime factors of 1774.
2, 887
What are the prime factors of 4146?
2, 3, 691
List the prime factors of 1705.
5, 11, 31
What are the prime factors of 4000?
2, 5
List the prime factors of 3347.
3347
What are the prime factors of 322?
2, 7, 23
What are the prime factors of 983?
983
List the prime factors of 196.
2, 7
What are the prime factors of 6903?
3, 13, 59
List the prime factors of 1838.
2, 919
List the prime factors of 105